{"id":1793,"date":"2017-07-11T08:54:31","date_gmt":"2017-07-11T08:54:31","guid":{"rendered":"http:\/\/gokalpmakina.com\/?page_id=1793"},"modified":"2022-07-20T18:52:05","modified_gmt":"2022-07-20T15:52:05","slug":"ana-sayfa","status":"publish","type":"page","link":"https:\/\/gokalpmakina.com\/","title":{"rendered":"Ana Sayfa"},"content":{"rendered":"<h1>g\u00fc\u00e7l\u00fc vizyon<br \/>\nd\u00fcr\u00fcst hizmet<br \/>\n<\/h1>\n<p>En b\u00fcy\u00fck hedefimiz zaman\u0131nda ve kaliteli projeler sunmakt\u0131r.<\/p>\n<p>\t\t\t<a href=\"\/iletisim\" role=\"button\"><br \/>\n\t\t\t\t\t\t\u0130leti\u015fme Ge\u00e7!<br \/>\n\t\t\t\t\t<\/a><\/p>\n<h2>G\u00f6kalp Makina&#8217;ya Ho\u015f Geldiniz!<\/h2>\n<h4>Taleplerinizi ve b\u00fct\u00e7enizi dikkate al\u0131yoruz<\/h4>\n<ul>\n<li>\n\t\t\t\t\t\t\t\t\t\tBug\u00fcn Aray\u0131n\n\t\t\t\t\t\t\t\t\t<\/li>\n<\/ul>\n<h3><a href=\"tel:05444120124\" tel=\"05444120124\">0544 412 01 24<\/a><\/h3>\n<h3><a href=\"tel:05380211457\u200b\">0538 021 14 57<\/a><\/h3>\n<p>\t\t\t\t\t\t\t\t\t\t<img decoding=\"async\" src=\"http:\/\/gokalpmakina.com\/wp-content\/uploads\/elementor\/thumbs\/36d16346-f99c-4450-bac5-5c10556ea954-oz8tzph0f6t0jbt04eztj0a63rthg5cm8wzy75bk80.jpg\" title=\"36d16346-f99c-4450-bac5-5c10556ea954\" alt=\"36d16346-f99c-4450-bac5-5c10556ea954\" \/><br \/>\n\t\t\t\t\t\t\t\t\t\t<img decoding=\"async\" src=\"http:\/\/gokalpmakina.com\/wp-content\/uploads\/elementor\/thumbs\/our-story-img-1-oyn2g69hf2theytlb1z7mkwkv95tjaeb2l60bewug0.jpg\" title=\"our-story-img.jpg\" alt=\"our-story-img.jpg\" \/>\t\t\t\t\t\t\t\t\t\t\t<\/p>\n<h2>Uzmanl\u0131klar\u0131m\u0131z<\/h2>\n<p>Bak\u0131m, onar\u0131m ve montaj i\u015flerini en h\u0131zl\u0131 ve g\u00fcvenilir \u015fekilde \u00e7\u00f6z\u00fcml\u00fcyoruz.<\/p>\n<p>\t\t\t\t<a href=\"\/hizmetlerimiz\"><br \/>\n\t\t\t\t\t\t\t\t<\/a><\/p>\n<h4>\n\t\t\t\t\t<a href=\"\/hizmetlerimiz\">Hizmetlerimiz<\/a><br \/>\n\t\t\t\t<\/h4>\n<p>\t\t\t\t<a href=\"\/projelerimiz\"><br \/>\n\t\t\t\t\t\t\t\t<\/a><\/p>\n<h5>\n\t\t\t\t\t<a href=\"\/projelerimiz\">Projelerimiz<\/a><br \/>\n\t\t\t\t<\/h5>\n<h5>\n\t\t\t\t\tBak\u0131m ve Onar\u0131m Hizmetleri<br \/>\n\t\t\t\t<\/h5>\n<h5>\n\t\t\t\t\tFaaliyet Alanlar\u0131m\u0131z<br \/>\n\t\t\t\t<\/h5>\n<h5>\n\t\t\t\t\tMontaj \u0130\u015fleri<br \/>\n\t\t\t\t<\/h5>\n<h2>Son Projelerimiz<\/h2>\n<p>Neler yapabilece\u011fimize g\u00f6z at\u0131n.<\/p>\n<p>\t\t\t<a href=\"\/projelerimiz\" role=\"button\"><br \/>\n\t\t\t\t<svg xmlns=\"http:\/\/www.w3.org\/2000\/svg\" viewBox=\"0 0 32 32\"><path d=\"M 18.71875 6.78125 L 17.28125 8.21875 L 24.0625 15 L 4 15 L 4 17 L 24.0625 17 L 17.28125 23.78125 L 18.71875 25.21875 L 27.21875 16.71875 L 27.90625 16 L 27.21875 15.28125 Z\"><\/path><\/svg><br \/>\n\t\t\t\t\t\tB\u00fct\u00fcn Projeleri G\u00f6ster<br \/>\n\t\t\t\t\t<\/a><\/p>\n<h3>AS \u00c7imento<\/h3>\n<p>\t\t\t01.\t\t<\/p>\n<h3>G\u00f6lta\u015f \u00c7imento<\/h3>\n<p>\t\t\t02.\t\t<\/p>\n<h3>Bolu OYAK \u00c7imento<\/h3>\n<p>\t\t\t03.\t\t<\/p>\n<h3>Bota\u015f A\u015e.<br \/>do\u011fubayaz\u0131t<\/h3>\n<p>\t\t\t04.\t\t<\/p>\n<h3>OYKA <br \/>Ka\u011f\u0131t Ambalaj <\/h3>\n<p>\t\t\t05.\t\t<\/p>\n<h3>Ekvator Ginesi<br \/>SOMAGEC<br \/>\u00c7imento Fabrikas\u0131<\/h3>\n<p>\t\t\t06.\t\t<\/p>\n<h3>\u00c7imenta\u015f Elaz\u0131\u011f<\/h3>\n<p>\t\t\t07.<\/p>\n","protected":false},"excerpt":{"rendered":"<p>g\u00fc\u00e7l\u00fc vizyon d\u00fcr\u00fcst hizmet En b\u00fcy\u00fck hedefimiz zaman\u0131nda ve kaliteli projeler sunmakt\u0131r. \u0130leti\u015fme Ge\u00e7! G\u00f6kalp Makina&#8217;ya Ho\u015f Geldiniz! Taleplerinizi ve b\u00fct\u00e7enizi dikkate al\u0131yoruz Bug\u00fcn Aray\u0131n 0544 412 01 24 0538 021 14 57 Uzmanl\u0131klar\u0131m\u0131z Bak\u0131m, onar\u0131m ve montaj i\u015flerini en h\u0131zl\u0131 ve g\u00fcvenilir \u015fekilde \u00e7\u00f6z\u00fcml\u00fcyoruz. Hizmetlerimiz Projelerimiz Bak\u0131m ve Onar\u0131m Hizmetleri Faaliyet Alanlar\u0131m\u0131z Montaj \u0130\u015fleri [&hellip;]<\/p>\n","protected":false},"author":1,"featured_media":0,"parent":0,"menu_order":0,"comment_status":"closed","ping_status":"closed","template":"","meta":{"site-sidebar-layout":"no-sidebar","site-content-layout":"page-builder","ast-site-content-layout":"","site-content-style":"default","site-sidebar-style":"default","ast-global-header-display":"","ast-banner-title-visibility":"","ast-main-header-display":"","ast-hfb-above-header-display":"","ast-hfb-below-header-display":"","ast-hfb-mobile-header-display":"","site-post-title":"disabled","ast-breadcrumbs-content":"","ast-featured-img":"disabled","footer-sml-layout":"","theme-transparent-header-meta":"enabled","adv-header-id-meta":"","stick-header-meta":"","header-above-stick-meta":"","header-main-stick-meta":"","header-below-stick-meta":"","astra-migrate-meta-layouts":"default","ast-page-background-enabled":"default","ast-page-background-meta":{"desktop":{"background-color":"var(--ast-global-color-4)","background-image":"","background-repeat":"repeat","background-position":"center center","background-size":"auto","background-attachment":"scroll","background-type":"","background-media":"","overlay-type":"","overlay-color":"","overlay-opacity":"","overlay-gradient":""},"tablet":{"background-color":"","background-image":"","background-repeat":"repeat","background-position":"center center","background-size":"auto","background-attachment":"scroll","background-type":"","background-media":"","overlay-type":"","overlay-color":"","overlay-opacity":"","overlay-gradient":""},"mobile":{"background-color":"","background-image":"","background-repeat":"repeat","background-position":"center center","background-size":"auto","background-attachment":"scroll","background-type":"","background-media":"","overlay-type":"","overlay-color":"","overlay-opacity":"","overlay-gradient":""}},"ast-content-background-meta":{"desktop":{"background-color":"var(--ast-global-color-5)","background-image":"","background-repeat":"repeat","background-position":"center center","background-size":"auto","background-attachment":"scroll","background-type":"","background-media":"","overlay-type":"","overlay-color":"","overlay-opacity":"","overlay-gradient":""},"tablet":{"background-color":"var(--ast-global-color-5)","background-image":"","background-repeat":"repeat","background-position":"center center","background-size":"auto","background-attachment":"scroll","background-type":"","background-media":"","overlay-type":"","overlay-color":"","overlay-opacity":"","overlay-gradient":""},"mobile":{"background-color":"var(--ast-global-color-5)","background-image":"","background-repeat":"repeat","background-position":"center center","background-size":"auto","background-attachment":"scroll","background-type":"","background-media":"","overlay-type":"","overlay-color":"","overlay-opacity":"","overlay-gradient":""}},"footnotes":""},"class_list":["post-1793","page","type-page","status-publish","hentry"],"_links":{"self":[{"href":"https:\/\/gokalpmakina.com\/index.php?rest_route=\/wp\/v2\/pages\/1793","targetHints":{"allow":["GET"]}}],"collection":[{"href":"https:\/\/gokalpmakina.com\/index.php?rest_route=\/wp\/v2\/pages"}],"about":[{"href":"https:\/\/gokalpmakina.com\/index.php?rest_route=\/wp\/v2\/types\/page"}],"author":[{"embeddable":true,"href":"https:\/\/gokalpmakina.com\/index.php?rest_route=\/wp\/v2\/users\/1"}],"replies":[{"embeddable":true,"href":"https:\/\/gokalpmakina.com\/index.php?rest_route=%2Fwp%2Fv2%2Fcomments&post=1793"}],"version-history":[{"count":82,"href":"https:\/\/gokalpmakina.com\/index.php?rest_route=\/wp\/v2\/pages\/1793\/revisions"}],"predecessor-version":[{"id":2105,"href":"https:\/\/gokalpmakina.com\/index.php?rest_route=\/wp\/v2\/pages\/1793\/revisions\/2105"}],"wp:attachment":[{"href":"https:\/\/gokalpmakina.com\/index.php?rest_route=%2Fwp%2Fv2%2Fmedia&parent=1793"}],"curies":[{"name":"wp","href":"https:\/\/api.w.org\/{rel}","templated":true}]}}